2 + 40*t + 119. Let d be (2 + 43 - (-1 + 9))/(-1). Give b(d).
8
Let a(r) be the second derivative of -r**5/10 + r**4/4 - r**3/2 + 3*r**2/2 - r. Let q(k) = 741*k + 11117. Let t be q(-15). Calculate a(t).
-7
Let d(p) = 3*p**2 - 5*p. Let g(h) = 4*h**2 - 5*h - 1. Let v(o) = 3*d(o) - 2*g(o). Let c(k) = k**2 + 61*k + 347. Let j be c(-39). Let s = j - -516. Give v(s).
2
Let u(m) = -m**3 + 7*m**2 + 7*m + 5. Let b(c) = -c**3 - 19*c**2 - 31*c + 56. Let k be b(-17). Suppose 3*p = 5*i + k*p - 40, 3*i + 4*p - 24 = 0. Determine u(i).
-3
Let s(f) = 4*f + 19*f + 0*f + 7 - 3*f + 9*f. Let c(p) = -61*p - 15. Let r(g) = -6*c(g) - 13*s(g). Give r(2).
-23
Suppose -65*a = 55*a + 9480. Let m be 1/(-2)*0 - 75. Let g = m - a. Let s(o) = -o**2 + 2*o + 3. Give s(g).
-5
Let u be -10 - (-8 - (-8 - -6)). Let b(p) = 14*p - 31. Let m(i) = 5*i - 10. Let h(n) = u*b(n) + 11*m(n). What is h(9)?
5
Suppose 2*a - 82 = -5*d, 5*d - 3*a + 35 = 7*d. Let o(i) = 2*i + 6. Determine o(d).
38
Let u = -9 + 12. Let x(z) = -9 - u + 3 - z**3 + 1 + 5*z - 6*z**2. Let c = 1454 + -1461. Calculate x(c).
6
Let l(f) = -f**2 + 10*f + 32. Let d be l(10). Suppose -5*q + d = -23. Suppose -q = -t - 4. Let h(o) = -o**2 + 8*o - 5. Give h(t).
2
Let w be 2 - (9 + -11)*1. Let j(p) be the second derivative of p**5/20 - p**4/2 + 5*p**3/6 - 3*p**2 + 37*p. Determine j(w).
-18
Let d be 9 + (-96)/(16 - 4). Let k(o) = 23*o**3 - 2*o**2 + 2. Calculate k(d).
23
Let t(b) = 4*b**3 - 3*b**2 + 3*b + 6. Suppose 2*r - 25 = -3*r. Let y(z) = -17*z**2 + 12 + 4*z + r*z**3 + 14*z**2 - 5. Let i(c) = 4*t(c) - 3*y(c). Give i(3).
3
Let t(g) be the third derivative of -g**5/60 - 5*g**4/12 - 2*g**3 - 3*g**2 + 97. Calculate t(-10).
-12
Suppose 13*c = -5*d + 9*d - 80, -5*c - 41 = -3*d. Let v(a) be the second derivative of -d*a**2 - 26*a + 0 + 1/6*a**3. Give v(8).
-6
Let i(l) = 4*l - 4. Let x(b) = -4*b + 3. Let n(k) = -6*i(k) - 7*x(k). Suppose 60*j = 61*j - 4. Suppose j = -5*r + 4*c, 2*r + 4 = -4*c + 5*c. Calculate n(r).
-13
Let d(p) = 1 + p**2 + 8*p - 2 - 2*p. Let t be d(-6). Let a(b) = 18*b + 15*b**3 - b**2 - 78*b + 46*b + 13*b. What is a(t)?
-15
Let y be (-18)/(-45)*(5 - 0) + 21. Suppose 5*w + 22 = -y. Let o(l) be the second derivative of -l**4/12 - 5*l**3/3 - 4*l**2 - 6*l. Calculate o(w).
1
Suppose -4*o = g - 5, 5*o - 4*g - 4 = -6*g. Let f(b) = o*b + 0*b + b - 2*b + 4. Let l = -16 + 10. What is f(l)?
-2
Let l be (3/2)/(-12 - 368/(-32)). Let d = 24 - 16. Let o(j) = -17*j + 12*j + d*j - 1. Give o(l).
-10
Let h(r) = 4*r**2 - 3*r + 20*r - 8 - 18 - 29 - 5*r**2. Determine h(6).
11
Let t = -208 + 201. Let o(q) = 1 + 8784*q - 17559*q + q**2 + 8782*q. Give o(t).
1
Let t(r) = 4*r**2 + r - 6. Let o(i) = 3*i**2 - 6. Let c(d) = 2*d**3 + 21*d**2 - 9*d + 17. Let s be c(-11). Let z(p) = s*o(p) + 4*t(p). What is z(-4)?
6
Let g(p) = -2734 - 3*p**2 + 0*p**2 + 2728 - 7*p + 2*p**2. Let j be (-3)/18 - 70/12. Determine g(j).
0
Let x(o) be the third derivative of o**7/630 + o**6/720 + 3*o**5/20 + o**4/6 - 35*o**2. Let d(b) be the third derivative of x(b). What is d(-2)?
-15
Let x(b) be the third derivative of 13/8*b**4 + 0*b + 1/60*b**5 + 0 - 3*b**2 + 0*b**3 + 1/360*b**6. Let d(t) be the second derivative of x(t). Give d(-3).
-4
Let c(t) = -t - 2. Let m(d) = d**3 + 5*d + 8. Let y be m(-7). Let l be (-4)/14 - y/70. Suppose 3 = 5*r + 23, -l*r - 40 = 4*h. Calculate c(h).
3
Let m(a) be the second derivative of a**3 - 69*a**2 + 50*a - 5. Give m(23).
0
Let j = -191 + 186. Let h(t) = 6*t + 10*t - 41*t + 10*t + 13*t + 7. Determine h(j).
17
Let s(p) = 2*p + 12. Let q be s(-5). Suppose -4*y - 3*j = 0, 5*y - 3*j = q*j. Let f(d) = 2*d - 1 + y + 0 - 2. What is f(4)?
5
Let m(h) = -14*h + 15. Suppose 0 = -22*v + 20*v - 4*u - 38, 0 = -v - 5*u - 37. Calculate m(v).
113
Let v(n) = 2*n + 11. Suppose -1 - 1 = 4*i - 5*w, w - 10 = 4*i. Let r be -6 + 2*(0 - -3)/i. Let a be v(r). Let d(g) = g**2 + 6*g + 3. Give d(a).
-2
Suppose -10*g + 3254 = 3254. Let b(s) = 2*s - 30. What is b(g)?
-30
Let x be (0*2/(-4))/2. Let p(f) = -7 + 0*f - 4*f + 13 + 5*f. Determine p(x).
6
Suppose 5*z = -4*p + 825, p = -3*z + 6*p + 495. Let a(c) = -335*c + 169*c - 1 + z*c. What is a(2)?
-3
Let n(o) = 3*o**2 + 3*o - 1. Let h(s) = 4*s**2 + 2*s - 1. Let j(u) = 3*h(u) - 2*n(u). Suppose 0 = 13*f - 14*f + 55. Let d = 56 - f. Give j(d).
5
Let b(t) = 8*t - 39 + 7*t - 261 - 5*t + 2*t. Calculate b(25).
0
Let v(a) be the first derivative of -a**3/3 + 14*a**2 - 13*a + 54. What is v(28)?
-13
Suppose -63 = 5*q - 6*w + 3*w, 5*q - w + 51 = 0. Let r(m) = -2*m. Give r(q).
18
Suppose 5*c - 30 = -5*l, 1846*l + 4*c + 4 = 1844*l. Let x(u) = u**2 - 13*u + 12. Calculate x(l).
26
Let a(d) = -d**3 - 2*d**2 + 2*d + 4. Let r be a(-3). Let f(x) = 7*x**2 + 8*x + 8. Let c(j) = -11*j**2 - 9*j - 7. Let o(g) = -2*c(g) - 3*f(g). Give o(r).
-3
Let i(y) be the first derivative of -1/20*y**5 + 0*y + 1/120*y**6 - 38 - 1/8*y**4 + 1/2*y**3 + 6*y**2. Let d(l) be the second derivative of i(l). What is d(2)?
-7
Let g(i) = -i**3 - 4*i**2 + 7*i + 10. Let t(o) = -o**3 + 122*o**2 + 120*o + 366. Let b be t(123). Calculate g(b).
-20
Let f(t) = 17*t**3 + 4*t**2 + 11*t - 32. Let c(k) = -40*k**3 - 8*k**2 - 20*k + 63. Let u(x) = 3*c(x) + 7*f(x). Determine u(6).
-5
Let z(a) = 30 + 22*a - 21 + 2*a - 42. Give z(4).
63
Let w(j) be the second derivative of 37*j**3/6 + j**2/2 - j + 137. Determine w(1).
38
Let c(t) = -525*t**3 - 6*t + 4 + 308*t**3 - 9*t**2 + 216*t**3 + 2*t. Give c(-9).
40
Let r be 100/250 + (592/(-5) - 0). Let n = -127 - r. Let j(b) = -b - 5. Determine j(n).
4
Let h be -1*3*(11 - (-266)/(-21)). Let r(u) = -723*u - h + 16 + 724*u. Determine r(-5).
6
Let v(s) = 27*s - 3. Let d be v(2). Let m = d + -49. Let o(x) = 10*x - 4*x**2 - 5 + 15 + x**2 + 4*x**m. What is o(-7)?
-11
Let k be -17*1*-1*(36 + 21 + -58). Let f(b) = 29*b + 501. Give f(k).
8
Let y(g) = g**2 + 5*g - 2. Suppose 3*p = 7*p + 3*r + 1867, 3*p = -2*r - 1399. Let v = p + 457. Give y(v).
4
Let u(s) = 6*s**2 + 35*s - 5. Suppose 233*t - 194 = -1359. Calculate u(t).
-30
Let q(y) = y**3 - 4*y**2 - 17*y + 55. Let m be (703/888 - 1/8)*(-9)/(-2). Determine q(m).
-5
Suppose 3*s - 2*n = 2*s - 6, -2*n + 22 = -2*s. Suppose 0 = -4*b + 5*c - 9, -3*c + 7 = 3*b - 4*c. Let g be b*(-4)/s - 6. Let m(d) = d**2 + 5*d. Calculate m(g).
0
Let k = 17536 + -17537. Let f(x) = 61*x**3 - 4*x**2 + 2. Give f(k).
-63
Let d(w) = 30*w + 533 - 308 - 260 - w**2. What is d(29)?
-6
Let p(k) = 3*k + 4. Let m = 71 + -67. Let a be (-2 - (-8)/m)/(-4). Let g be (-30)/12*(a + 2). What is p(g)?
-11
Let y(z) = 14*z**2 + 243*z + 57. Let j(o) = 30*o**2 + 480*o + 113. Let a(q) = -5*j(q) + 11*y(q). Determine a(-68).
-6
Let b(a) = -a**2 - 9*a - 9. Let s(i) be the first derivative of 9*i**2/2 + 66*i + 61. Let r be s(-8). Determine b(r).
9
Let w(r) = r**3 + 19*r**2 + 61*r + 22. Let v be 6/10*(23 + (-44 - 4)). What is w(v)?
7
Let y(g) be the third derivative of g**4/24 - 7*g**3/3 + 2*g**2 - 333. Give y(14).
0
Let p(r) = r**2 - 4*r**2 + 0*r**2 - 1. Suppose -4*b - 25*o = -21*o - 36, 3*b + 4*o - 32 = 0. Suppose 16*k = -b - 28. Calculate p(k).
-13
Let p(o) be the first derivative of -1/4*o**4 + 103 - o - 5/2*o**2 - 2*o**3. Determine p(-5).
-1
Let v(g) = -25*g. Let z(p) = -161*p - 3. Let j(m) = 19*v(m) - 3*z(m). What is j(-3)?
-15
Let f(w) = 2*w - 69 - 102 + 165 - 15*w - 83. Give f(-6).
-11
Let l(p) = -2*p**3 - p**2 + 2*p + 1. Suppose b + 4*z + 41 = 197, 0 = 3*b + 5*z - 468. Let n = b - 158. Calculate l(n).
9
Let s = -9081 - -9087. Let d(w) = -w**2 + 13*w + 8. Calculate d(s).
50
Let i(t) be the first derivative of t**4/4 - 2*t**3 + t**2 - 4*t + 380. What is i(7)?
59
Let u(q) = 2*q**3 - 4*q**2 - 5*q - 12. Let m be ((-900)/(-4320))/((-1)/(-24)). Give u(m).
113
Suppose 2*l - 3*g = 47 - 18, -2 = 2*g. Suppose -l*z - 22 = 56. Let k(n) be the second derivative of -n**5/20 - n**4/2 + n**3/6 - 3*n**2/2 + n. What is k(z)?
-9
Let z(l) be the third derivative of l**6/40 + l**5/60 - l**4/8 - l**3/6 - 175*l**2 - 2*l + 1. Determine z(-2).
-15
Let f be (1/3)/((-1)/3) - -2. Let u = 10 - 8. Let b(s) = 2*s - 8*s**u + 3*s**2 - 3*s. Give b(f).
-6
Let n(g) = 2*g**3 + g**2 + 2*g - 2. Let i(v) = -v**3 + 27*v**2 - 28*v + 59. Let k be i(26). Let o(w) = w**3 + w - 2. Let z(d) = k*o(d) - 4*n(d). Give z(-5).
24
Let u = -3 - -3. Let v(g) = 6728599 - 6728604 + 0*g + 0*g + g**2. Wh